{"id":922,"date":"2018-12-08T09:57:47","date_gmt":"2018-12-08T16:57:47","guid":{"rendered":"https:\/\/sigurdursaevarsson.com\/?page_id=922"},"modified":"2018-12-10T06:38:22","modified_gmt":"2018-12-10T13:38:22","slug":"dormi-jesu","status":"publish","type":"page","link":"https:\/\/sigurdursaevarsson.com\/?page_id=922","title":{"rendered":"Dormi, Jesu"},"content":{"rendered":"<p><img loading=\"lazy\" decoding=\"async\" src=\"https:\/\/sigurdursaevarsson.com\/wp-content\/uploads\/2018\/12\/Stained_glass_depicting_the_Virgin_Mary_holding_baby_Jesus-1_grande-460x307.jpg\" alt=\"\" width=\"460\" height=\"307\" class=\"size-large wp-image-906\" srcset=\"https:\/\/sigurdursaevarsson.com\/wp-content\/uploads\/2018\/12\/Stained_glass_depicting_the_Virgin_Mary_holding_baby_Jesus-1_grande-460x307.jpg 460w, https:\/\/sigurdursaevarsson.com\/wp-content\/uploads\/2018\/12\/Stained_glass_depicting_the_Virgin_Mary_holding_baby_Jesus-1_grande-300x200.jpg 300w, https:\/\/sigurdursaevarsson.com\/wp-content\/uploads\/2018\/12\/Stained_glass_depicting_the_Virgin_Mary_holding_baby_Jesus-1_grande.jpg 600w\" sizes=\"auto, (max-width: 460px) 100vw, 460px\" \/><br \/>\nDormi, Jesu<br \/>\n(2018) for choir SATB (5 min.)<br \/>\nPremiered by Schola cantorum, conducted by H\u00f6r\u00f0ur \u00c1skelsson, on the 21st of December 2018, at Hallgr\u00edmskirkja, Reykjav\u00edk, Iceland.<\/p>\n","protected":false},"excerpt":{"rendered":"<p>Dormi, Jesu (2018) for choir SATB (5 min.) Premiered by Schola cantorum, conducted by H\u00f6r\u00f0ur \u00c1skelsson, on the 21st of December 2018, at Hallgr\u00edmskirkja, Reykjav\u00edk, Iceland.<\/p>\n","protected":false},"author":3,"featured_media":0,"parent":3,"menu_order":0,"comment_status":"closed","ping_status":"closed","template":"","meta":{"footnotes":""},"class_list":["post-922","page","type-page","status-publish","hentry"],"_links":{"self":[{"href":"https:\/\/sigurdursaevarsson.com\/index.php?rest_route=\/wp\/v2\/pages\/922","targetHints":{"allow":["GET"]}}],"collection":[{"href":"https:\/\/sigurdursaevarsson.com\/index.php?rest_route=\/wp\/v2\/pages"}],"about":[{"href":"https:\/\/sigurdursaevarsson.com\/index.php?rest_route=\/wp\/v2\/types\/page"}],"author":[{"embeddable":true,"href":"https:\/\/sigurdursaevarsson.com\/index.php?rest_route=\/wp\/v2\/users\/3"}],"replies":[{"embeddable":true,"href":"https:\/\/sigurdursaevarsson.com\/index.php?rest_route=%2Fwp%2Fv2%2Fcomments&post=922"}],"version-history":[{"count":1,"href":"https:\/\/sigurdursaevarsson.com\/index.php?rest_route=\/wp\/v2\/pages\/922\/revisions"}],"predecessor-version":[{"id":923,"href":"https:\/\/sigurdursaevarsson.com\/index.php?rest_route=\/wp\/v2\/pages\/922\/revisions\/923"}],"up":[{"embeddable":true,"href":"https:\/\/sigurdursaevarsson.com\/index.php?rest_route=\/wp\/v2\/pages\/3"}],"wp:attachment":[{"href":"https:\/\/sigurdursaevarsson.com\/index.php?rest_route=%2Fwp%2Fv2%2Fmedia&parent=922"}],"curies":[{"name":"wp","href":"https:\/\/api.w.org\/{rel}","templated":true}]}}