{"id":409,"date":"2011-12-06T09:26:37","date_gmt":"2011-12-06T16:26:37","guid":{"rendered":"https:\/\/sigurdursaevarsson.com\/?page_id=409"},"modified":"2012-01-15T14:31:36","modified_gmt":"2012-01-15T21:31:36","slug":"schenes","status":"publish","type":"page","link":"https:\/\/sigurdursaevarsson.com\/?page_id=409","title":{"rendered":"Scenes"},"content":{"rendered":"<p><img loading=\"lazy\" decoding=\"async\" src=\"https:\/\/sigurdursaevarsson.com\/wp-content\/uploads\/2011\/12\/tjald-460x341.jpg\" alt=\"Red Theater Curtain\" title=\"Red Theater Curtain\" width=\"460\" height=\"341\" class=\"alignnone size-large wp-image-412\" srcset=\"https:\/\/sigurdursaevarsson.com\/wp-content\/uploads\/2011\/12\/tjald-460x341.jpg 460w, https:\/\/sigurdursaevarsson.com\/wp-content\/uploads\/2011\/12\/tjald-300x222.jpg 300w, https:\/\/sigurdursaevarsson.com\/wp-content\/uploads\/2011\/12\/tjald.jpg 805w\" sizes=\"auto, (max-width: 460px) 100vw, 460px\" \/><br \/>\nScenes<br \/>\n(2011) for oboe and strings (14 min.)<br \/>\nPremiered by Eyd\u00eds Franzd\u00f3ttir, oboe and D\u00edsurnar string quartet on the 28. of January at the Dark Music Days Festival 2012 in Harpa concert hall Reykjav\u00edk.<\/p>\n","protected":false},"excerpt":{"rendered":"<p>Scenes (2011) for oboe and strings (14 min.) Premiered by Eyd\u00eds Franzd\u00f3ttir, oboe and D\u00edsurnar string quartet on the 28. of January at the Dark Music Days Festival 2012 in Harpa concert hall Reykjav\u00edk.<\/p>\n","protected":false},"author":3,"featured_media":0,"parent":3,"menu_order":0,"comment_status":"open","ping_status":"open","template":"","meta":{"footnotes":""},"class_list":["post-409","page","type-page","status-publish","hentry"],"_links":{"self":[{"href":"https:\/\/sigurdursaevarsson.com\/index.php?rest_route=\/wp\/v2\/pages\/409","targetHints":{"allow":["GET"]}}],"collection":[{"href":"https:\/\/sigurdursaevarsson.com\/index.php?rest_route=\/wp\/v2\/pages"}],"about":[{"href":"https:\/\/sigurdursaevarsson.com\/index.php?rest_route=\/wp\/v2\/types\/page"}],"author":[{"embeddable":true,"href":"https:\/\/sigurdursaevarsson.com\/index.php?rest_route=\/wp\/v2\/users\/3"}],"replies":[{"embeddable":true,"href":"https:\/\/sigurdursaevarsson.com\/index.php?rest_route=%2Fwp%2Fv2%2Fcomments&post=409"}],"version-history":[{"count":8,"href":"https:\/\/sigurdursaevarsson.com\/index.php?rest_route=\/wp\/v2\/pages\/409\/revisions"}],"predecessor-version":[{"id":433,"href":"https:\/\/sigurdursaevarsson.com\/index.php?rest_route=\/wp\/v2\/pages\/409\/revisions\/433"}],"up":[{"embeddable":true,"href":"https:\/\/sigurdursaevarsson.com\/index.php?rest_route=\/wp\/v2\/pages\/3"}],"wp:attachment":[{"href":"https:\/\/sigurdursaevarsson.com\/index.php?rest_route=%2Fwp%2Fv2%2Fmedia&parent=409"}],"curies":[{"name":"wp","href":"https:\/\/api.w.org\/{rel}","templated":true}]}}