{"id":307,"date":"2010-12-28T08:35:29","date_gmt":"2010-12-28T15:35:29","guid":{"rendered":"https:\/\/sigurdursaevarsson.com\/?page_id=307"},"modified":"2011-05-20T04:11:22","modified_gmt":"2011-05-20T11:11:22","slug":"kv%c3%a6%c3%b0i","status":"publish","type":"page","link":"https:\/\/sigurdursaevarsson.com\/?page_id=307","title":{"rendered":"Kv\u00e6\u00f0i"},"content":{"rendered":"<p><img loading=\"lazy\" decoding=\"async\" class=\"alignnone size-full wp-image-315\" title=\"kammersveit-reykjavikur2\" src=\"https:\/\/sigurdursaevarsson.com\/wp-content\/uploads\/2010\/12\/kammersveit-reykjavikur2.jpg\" alt=\"kammersveit-reykjavikur2\" width=\"460\" height=\"306\" srcset=\"https:\/\/sigurdursaevarsson.com\/wp-content\/uploads\/2010\/12\/kammersveit-reykjavikur2.jpg 460w, https:\/\/sigurdursaevarsson.com\/wp-content\/uploads\/2010\/12\/kammersveit-reykjavikur2-300x199.jpg 300w\" sizes=\"auto, (max-width: 460px) 100vw, 460px\" \/><\/p>\n<p>Kv\u00e6\u00f0i<br \/>\n(2010) a song\u00a0cycle written\u00a0for bass and string orchestra<br \/>\n(20 min.)<\/p>\n<p>Poems by Snorri Hjartarson (1906-1986)<\/p>\n<p>Premiered by Reykjav\u00edk Chamber Orchestra and J\u00f3hann Sm\u00e1ri S\u00e6varsson, bass, conducted by Petri Sakari on the 30. of January at the Dark Music Days festival in Reykjav\u00edk 2011.<\/p>\n","protected":false},"excerpt":{"rendered":"<p>Kv\u00e6\u00f0i (2010) a song\u00a0cycle written\u00a0for bass and string orchestra (20 min.) Poems by Snorri Hjartarson (1906-1986) Premiered by Reykjav\u00edk Chamber Orchestra and J\u00f3hann Sm\u00e1ri S\u00e6varsson, bass, conducted by Petri Sakari on the 30. of January at the Dark Music Days festival in Reykjav\u00edk 2011.<\/p>\n","protected":false},"author":3,"featured_media":0,"parent":3,"menu_order":0,"comment_status":"open","ping_status":"open","template":"","meta":{"footnotes":""},"class_list":["post-307","page","type-page","status-publish","hentry"],"_links":{"self":[{"href":"https:\/\/sigurdursaevarsson.com\/index.php?rest_route=\/wp\/v2\/pages\/307","targetHints":{"allow":["GET"]}}],"collection":[{"href":"https:\/\/sigurdursaevarsson.com\/index.php?rest_route=\/wp\/v2\/pages"}],"about":[{"href":"https:\/\/sigurdursaevarsson.com\/index.php?rest_route=\/wp\/v2\/types\/page"}],"author":[{"embeddable":true,"href":"https:\/\/sigurdursaevarsson.com\/index.php?rest_route=\/wp\/v2\/users\/3"}],"replies":[{"embeddable":true,"href":"https:\/\/sigurdursaevarsson.com\/index.php?rest_route=%2Fwp%2Fv2%2Fcomments&post=307"}],"version-history":[{"count":14,"href":"https:\/\/sigurdursaevarsson.com\/index.php?rest_route=\/wp\/v2\/pages\/307\/revisions"}],"predecessor-version":[{"id":381,"href":"https:\/\/sigurdursaevarsson.com\/index.php?rest_route=\/wp\/v2\/pages\/307\/revisions\/381"}],"up":[{"embeddable":true,"href":"https:\/\/sigurdursaevarsson.com\/index.php?rest_route=\/wp\/v2\/pages\/3"}],"wp:attachment":[{"href":"https:\/\/sigurdursaevarsson.com\/index.php?rest_route=%2Fwp%2Fv2%2Fmedia&parent=307"}],"curies":[{"name":"wp","href":"https:\/\/api.w.org\/{rel}","templated":true}]}}