{"id":197,"date":"2010-06-11T03:50:21","date_gmt":"2010-06-11T10:50:21","guid":{"rendered":"https:\/\/sigurdursaevarsson.com\/?page_id=197"},"modified":"2011-06-29T08:09:23","modified_gmt":"2011-06-29T15:09:23","slug":"missa-pacis","status":"publish","type":"page","link":"https:\/\/sigurdursaevarsson.com\/?page_id=197","title":{"rendered":"Missa Pacis"},"content":{"rendered":"<p><img loading=\"lazy\" decoding=\"async\" class=\"alignnone size-large wp-image-191\" title=\"hljomeykiminni\" src=\"https:\/\/sigurdursaevarsson.com\/wp-content\/uploads\/2010\/06\/hljomeykiminni-459x306.jpg\" alt=\"hljomeykiminni\" width=\"459\" height=\"306\" srcset=\"https:\/\/sigurdursaevarsson.com\/wp-content\/uploads\/2010\/06\/hljomeykiminni-459x306.jpg 459w, https:\/\/sigurdursaevarsson.com\/wp-content\/uploads\/2010\/06\/hljomeykiminni-300x200.jpg 300w, https:\/\/sigurdursaevarsson.com\/wp-content\/uploads\/2010\/06\/hljomeykiminni.jpg 1500w\" sizes=\"auto, (max-width: 459px) 100vw, 459px\" \/><\/p>\n<p>Missa Pacis<br \/>\n(2010) for mixed choir, cello, percussion and organ (45 min.)<\/p>\n<p>The work is in eight movements and is composed to the Latin Mass text.<\/p>\n<p>The piece was commissioned by Sk\u00e1lholt Summer Concerts.<\/p>\n<p>Missa Pacis was premiered at Sk\u00e1lholt Summer Concerts, July 10th 2010, by Hlj\u00f3meyki, chamber choir, Sigur\u00f0ur Halld\u00f3rsson, cello, Steingr\u00edmur \u00de\u00f3rhallsson, organ, Frank Aarnink, percussion and conducted by Magn\u00fas Ragnarsson.<\/p>\n","protected":false},"excerpt":{"rendered":"<p>Missa Pacis (2010) for mixed choir, cello, percussion and organ (45 min.) The work is in eight movements and is composed to the Latin Mass text. The piece was commissioned by Sk\u00e1lholt Summer Concerts. Missa Pacis was premiered at Sk\u00e1lholt Summer Concerts, July 10th 2010, by Hlj\u00f3meyki, chamber choir, Sigur\u00f0ur Halld\u00f3rsson, cello, Steingr\u00edmur \u00de\u00f3rhallsson, organ, &hellip; <\/p>\n<p class=\"link-more\"><a href=\"https:\/\/sigurdursaevarsson.com\/?page_id=197\" class=\"more-link\">Continue reading<span class=\"screen-reader-text\"> &#8220;Missa Pacis&#8221;<\/span><\/a><\/p>\n","protected":false},"author":3,"featured_media":0,"parent":3,"menu_order":1,"comment_status":"open","ping_status":"open","template":"","meta":{"footnotes":""},"class_list":["post-197","page","type-page","status-publish","hentry"],"_links":{"self":[{"href":"https:\/\/sigurdursaevarsson.com\/index.php?rest_route=\/wp\/v2\/pages\/197","targetHints":{"allow":["GET"]}}],"collection":[{"href":"https:\/\/sigurdursaevarsson.com\/index.php?rest_route=\/wp\/v2\/pages"}],"about":[{"href":"https:\/\/sigurdursaevarsson.com\/index.php?rest_route=\/wp\/v2\/types\/page"}],"author":[{"embeddable":true,"href":"https:\/\/sigurdursaevarsson.com\/index.php?rest_route=\/wp\/v2\/users\/3"}],"replies":[{"embeddable":true,"href":"https:\/\/sigurdursaevarsson.com\/index.php?rest_route=%2Fwp%2Fv2%2Fcomments&post=197"}],"version-history":[{"count":12,"href":"https:\/\/sigurdursaevarsson.com\/index.php?rest_route=\/wp\/v2\/pages\/197\/revisions"}],"predecessor-version":[{"id":403,"href":"https:\/\/sigurdursaevarsson.com\/index.php?rest_route=\/wp\/v2\/pages\/197\/revisions\/403"}],"up":[{"embeddable":true,"href":"https:\/\/sigurdursaevarsson.com\/index.php?rest_route=\/wp\/v2\/pages\/3"}],"wp:attachment":[{"href":"https:\/\/sigurdursaevarsson.com\/index.php?rest_route=%2Fwp%2Fv2%2Fmedia&parent=197"}],"curies":[{"name":"wp","href":"https:\/\/api.w.org\/{rel}","templated":true}]}}