{"id":1084,"date":"2020-01-03T07:35:30","date_gmt":"2020-01-03T14:35:30","guid":{"rendered":"https:\/\/sigurdursaevarsson.com\/?page_id=1084"},"modified":"2020-01-03T07:35:30","modified_gmt":"2020-01-03T14:35:30","slug":"alpsonata","status":"publish","type":"page","link":"https:\/\/sigurdursaevarsson.com\/?page_id=1084","title":{"rendered":"Alpsonata"},"content":{"rendered":"\n<p><br><\/p>\n\n\n\n<figure class=\"wp-block-image\"><img loading=\"lazy\" decoding=\"async\" width=\"460\" height=\"307\" src=\"https:\/\/sigurdursaevarsson.com\/wp-content\/uploads\/2020\/01\/alps2-460x307.jpg\" alt=\"\" class=\"wp-image-1091\" srcset=\"https:\/\/sigurdursaevarsson.com\/wp-content\/uploads\/2020\/01\/alps2-460x307.jpg 460w, https:\/\/sigurdursaevarsson.com\/wp-content\/uploads\/2020\/01\/alps2-300x200.jpg 300w, https:\/\/sigurdursaevarsson.com\/wp-content\/uploads\/2020\/01\/alps2-768x512.jpg 768w\" sizes=\"auto, (max-width: 460px) 100vw, 460px\" \/><\/figure>\n\n\n\n<p>Alpsonata<\/p>\n\n\n\n<p>(1996) for Trombone and Piano (8min.)<\/p>\n\n\n\n<p>Premiered by Sigr\u00fan S\u00e6varsd\u00f3ttir, trombone and \u00de\u00f3ra Fr\u00ed\u00f0a S\u00e6mundsd\u00f3ttir, piano.<\/p>\n\n\n\n<p><\/p>\n","protected":false},"excerpt":{"rendered":"<p>Alpsonata (1996) for Trombone and Piano (8min.) Premiered by Sigr\u00fan S\u00e6varsd\u00f3ttir, trombone and \u00de\u00f3ra Fr\u00ed\u00f0a S\u00e6mundsd\u00f3ttir, piano.<\/p>\n","protected":false},"author":3,"featured_media":0,"parent":3,"menu_order":0,"comment_status":"closed","ping_status":"closed","template":"","meta":{"footnotes":""},"class_list":["post-1084","page","type-page","status-publish","hentry"],"_links":{"self":[{"href":"https:\/\/sigurdursaevarsson.com\/index.php?rest_route=\/wp\/v2\/pages\/1084","targetHints":{"allow":["GET"]}}],"collection":[{"href":"https:\/\/sigurdursaevarsson.com\/index.php?rest_route=\/wp\/v2\/pages"}],"about":[{"href":"https:\/\/sigurdursaevarsson.com\/index.php?rest_route=\/wp\/v2\/types\/page"}],"author":[{"embeddable":true,"href":"https:\/\/sigurdursaevarsson.com\/index.php?rest_route=\/wp\/v2\/users\/3"}],"replies":[{"embeddable":true,"href":"https:\/\/sigurdursaevarsson.com\/index.php?rest_route=%2Fwp%2Fv2%2Fcomments&post=1084"}],"version-history":[{"count":1,"href":"https:\/\/sigurdursaevarsson.com\/index.php?rest_route=\/wp\/v2\/pages\/1084\/revisions"}],"predecessor-version":[{"id":1093,"href":"https:\/\/sigurdursaevarsson.com\/index.php?rest_route=\/wp\/v2\/pages\/1084\/revisions\/1093"}],"up":[{"embeddable":true,"href":"https:\/\/sigurdursaevarsson.com\/index.php?rest_route=\/wp\/v2\/pages\/3"}],"wp:attachment":[{"href":"https:\/\/sigurdursaevarsson.com\/index.php?rest_route=%2Fwp%2Fv2%2Fmedia&parent=1084"}],"curies":[{"name":"wp","href":"https:\/\/api.w.org\/{rel}","templated":true}]}}