{"id":1005,"date":"2019-05-13T09:44:33","date_gmt":"2019-05-13T16:44:33","guid":{"rendered":"https:\/\/sigurdursaevarsson.com\/?page_id=1005"},"modified":"2019-05-28T10:15:03","modified_gmt":"2019-05-28T17:15:03","slug":"veni-sancte-spiritus","status":"publish","type":"page","link":"https:\/\/sigurdursaevarsson.com\/?page_id=1005","title":{"rendered":"Veni, Sancte Spiritus"},"content":{"rendered":"\n<figure class=\"wp-block-image\"><img loading=\"lazy\" decoding=\"async\" width=\"460\" height=\"259\" src=\"https:\/\/sigurdursaevarsson.com\/wp-content\/uploads\/2019\/05\/holy_ghost460-460x259.jpg\" alt=\"\" class=\"wp-image-1006\" srcset=\"https:\/\/sigurdursaevarsson.com\/wp-content\/uploads\/2019\/05\/holy_ghost460-460x259.jpg 460w, https:\/\/sigurdursaevarsson.com\/wp-content\/uploads\/2019\/05\/holy_ghost460-300x169.jpg 300w, https:\/\/sigurdursaevarsson.com\/wp-content\/uploads\/2019\/05\/holy_ghost460-768x432.jpg 768w, https:\/\/sigurdursaevarsson.com\/wp-content\/uploads\/2019\/05\/holy_ghost460.jpg 800w\" sizes=\"auto, (max-width: 460px) 100vw, 460px\" \/><\/figure>\n\n\n\n<p>Veni, Sancte Spiritus<\/p>\n\n\n\n<p>(2019) A Pentecost Cantata (25 min.)<\/p>\n\n\n\n<p>Mixed Choir S.A.T.B, Mezzo-Soprano and Tenor solo.<\/p>\n\n\n\n<p>Orchestra: Flute, Oboe, Bassoon, Timpani and Strings.<\/p>\n\n\n\n<p>Text from Veni, Sancte Spirtus and The Bible. Sung in Latin.<\/p>\n\n\n\n<p>Commissioned by The Festival of Sacred Arts Reykjav\u00edk.                             Veni, Sancte Spiritus was premiered on the 10th of June 2019 at The Festival of Sacred Arts Reykjav\u00edk, by Schola cantorum chamber choir, Hildigunnur Einarsd\u00f3ttir mezzo-soprano, Benedikt Kristj\u00e1nsson tenor and The Hallgrimskirkja International Baroque Orchestra, conducted by H\u00f6r\u00f0ur \u00c1skelsson.<\/p>\n","protected":false},"excerpt":{"rendered":"<p>Veni, Sancte Spiritus (2019) A Pentecost Cantata (25 min.) Mixed Choir S.A.T.B, Mezzo-Soprano and Tenor solo. Orchestra: Flute, Oboe, Bassoon, Timpani and Strings. Text from Veni, Sancte Spirtus and The Bible. Sung in Latin. Commissioned by The Festival of Sacred Arts Reykjav\u00edk. Veni, Sancte Spiritus was premiered on the 10th of June 2019 at The &hellip; <\/p>\n<p class=\"link-more\"><a href=\"https:\/\/sigurdursaevarsson.com\/?page_id=1005\" class=\"more-link\">Continue reading<span class=\"screen-reader-text\"> &#8220;Veni, Sancte Spiritus&#8221;<\/span><\/a><\/p>\n","protected":false},"author":3,"featured_media":0,"parent":3,"menu_order":0,"comment_status":"closed","ping_status":"closed","template":"","meta":{"footnotes":""},"class_list":["post-1005","page","type-page","status-publish","hentry"],"_links":{"self":[{"href":"https:\/\/sigurdursaevarsson.com\/index.php?rest_route=\/wp\/v2\/pages\/1005","targetHints":{"allow":["GET"]}}],"collection":[{"href":"https:\/\/sigurdursaevarsson.com\/index.php?rest_route=\/wp\/v2\/pages"}],"about":[{"href":"https:\/\/sigurdursaevarsson.com\/index.php?rest_route=\/wp\/v2\/types\/page"}],"author":[{"embeddable":true,"href":"https:\/\/sigurdursaevarsson.com\/index.php?rest_route=\/wp\/v2\/users\/3"}],"replies":[{"embeddable":true,"href":"https:\/\/sigurdursaevarsson.com\/index.php?rest_route=%2Fwp%2Fv2%2Fcomments&post=1005"}],"version-history":[{"count":3,"href":"https:\/\/sigurdursaevarsson.com\/index.php?rest_route=\/wp\/v2\/pages\/1005\/revisions"}],"predecessor-version":[{"id":1012,"href":"https:\/\/sigurdursaevarsson.com\/index.php?rest_route=\/wp\/v2\/pages\/1005\/revisions\/1012"}],"up":[{"embeddable":true,"href":"https:\/\/sigurdursaevarsson.com\/index.php?rest_route=\/wp\/v2\/pages\/3"}],"wp:attachment":[{"href":"https:\/\/sigurdursaevarsson.com\/index.php?rest_route=%2Fwp%2Fv2%2Fmedia&parent=1005"}],"curies":[{"name":"wp","href":"https:\/\/api.w.org\/{rel}","templated":true}]}}